
Is 4834720 a multiple of 10?
True
Does 18 divide 11563272?
True
Does 864 divide 10793833?
False
Is 32189416 even?
True
Is 59 a factor of 29589680?
True
Is 70866459 a multiple of 87?
True
Is 2381058000 a multiple of 180?
True
Is 115 a factor of 1913140?
True
Does 304 divide 11833200?
True
Is 172035588 a multiple of 3767?
False
Is 185 a factor of 295100715?
True
Does 84 divide 110406289?
False
Is 27657896 a multiple of 366?
False
Is 161628632 a multiple of 8?
True
Is 84 a factor of 48048679?
False
Does 7839 divide 3093481053?
True
Is 3146 a factor of 537730464?
False
Does 10 divide 1113318050?
True
Is 7 a factor of 177314707?
False
Is 21 a factor of 44499084?
True
Is 4342488 a multiple of 201?
False
Is 8444410 a multiple of 99?
False
Is 85898151 a multiple of 2?
False
Is 125833829 a multiple of 341?
False
Does 22 divide 728119238?
True
Is 98468478 a multiple of 2922?
True
Does 303 divide 25410489?
True
Is 394754403 a multiple of 411?
True
Is 5 a factor of 485621016?
False
Is 6693890 a multiple of 14?
True
Does 26 divide 12323649?
False
Is 32637638 a multiple of 57?
False
Does 530 divide 128605560?
True
Is 33463080 a multiple of 1626?
True
Is 9 a factor of 390019941?
True
Is 3 a factor of 642001737?
True
Does 1836 divide 21389933?
False
Is 7332253 a multiple of 18?
False
Does 559 divide 931267302?
False
Does 256 divide 67296961?
False
Is 1021 a factor of 2089128339?
True
Does 39 divide 9206321?
False
Is 2 a factor of 178782620?
True
Is 35038668 a multiple of 84?
True
Is 701 a factor of 380147393?
True
Is 712 a factor of 6302487?
False
Does 93 divide 36610752?
True
Is 3396 a factor of 330234886?
False
Is 314758735 a multiple of 673?
True
Is 96374476 a multiple of 11?
True
Does 11 divide 3982396?
True
Is 850696727 a multiple of 28?
False
Is 323346154 a multiple of 1101?
False
Does 93 divide 21388692?
False
Is 1290539862 a multiple of 6?
True
Is 705 a factor of 20833521?
False
Is 31 a factor of 108903992?
True
Is 98 a factor of 36773060?
False
Is 49 a factor of 164445044?
False
Is 420037480 a multiple of 40?
True
Is 11 a factor of 348771314?
False
Is 227674912 a multiple of 1184?
True
Is 253 a factor of 617948032?
False
Is 223688335 a multiple of 95?
False
Does 5 divide 13345205?
True
Is 212409164 a multiple of 6?
False
Is 38029071 a multiple of 484?
False
Is 64314450 a multiple of 67?
False
Is 35 a factor of 3174030837?
False
Is 6038 a factor of 778346504?
True
Does 385 divide 42637980?
True
Does 2375 divide 595909912?
False
Is 697619556 a multiple of 227?
False
Does 3017 divide 139121922?
False
Does 43 divide 233435310?
False
Is 18193418 a multiple of 37?
True
Is 214 a factor of 21358912?
True
Is 1015213663 a multiple of 2112?
False
Does 65 divide 82628872?
False
Is 50878170 a multiple of 747?
True
Does 277 divide 54640553?
False
Is 351015621 a multiple of 11?
True
Is 1518661924 a multiple of 127?
False
Does 31 divide 499089212?
True
Does 34 divide 439638258?
True
Does 351 divide 91504792?
False
Does 649 divide 89199630?
False
Is 91 a factor of 252252?
True
Does 89 divide 33381853?
True
Is 504269298 a multiple of 78?
True
Does 11 divide 8360077?
True
Does 163 divide 1046228280?
False
Is 69 a factor of 757721627?
False
Does 180 divide 261177738?
False
Is 1220 a factor of 51368583?
False
Is 19 a factor of 378602?
False
Is 49 a factor of 1116646?
False
Is 21 a factor of 80426737?
False
Is 607762344 a multiple of 1204?
True
Does 253 divide 1930825919?
True
Is 7 a factor of 24700736?
False
Is 20113245 a multiple of 548?
False
Is 21517914 a multiple of 363?
True
Does 100 divide 10040598?
False
Is 18430249 a multiple of 10?
False
Does 64 divide 462288026?
False
Does 154 divide 353081344?
True
Does 23 divide 1784942010?
False
Is 83559920 a multiple of 261?
False
Is 29 a factor of 9541174?
True
Is 137 a factor of 31437253?
True
Is 411 a factor of 231078343?
False
Is 1562 a factor of 984457967?
False
Does 141 divide 83172939?
True
Is 30 a factor of 394454430?
True
Is 39 a factor of 695378175?
False
Does 3 divide 21002070?
True
Is 152607062 a multiple of 34?
True
Is 243 a factor of 401288256?
True
Is 121932207 a multiple of 108?
False
Is 5 a factor of 3594622?
False
Is 5624 a factor of 2527789503?
False
Is 1648 a factor of 93782736?
True
Is 3 a factor of 1158870?
True
Does 576 divide 20096064?
True
Is 100 a factor of 1156315966?
False
Is 16571520 a multiple of 48?
True
Is 2046256808 a multiple of 3244?
True
Is 948 a factor of 15273228?
True
Is 63973183 a multiple of 410?
False
Is 63 a factor of 7969605?
False
Does 71 divide 647834246?
True
Does 535 divide 80097455?
False
Does 1937 divide 96789953?
True
Does 17 divide 393087192?
True
Is 49 a factor of 95101454?
True
Is 154402590 a multiple of 417?
True
Is 243 a factor of 185007321?
True
Is 11 a factor of 189903307?
True
Is 3775183886 a multiple of 2580?
False
Is 28962720 a multiple of 18?
True
Is 69837412 a multiple of 12?
False
Does 6 divide 2731918536?
True
Is 38728448 a multiple of 32?
True
Is 44845129 a multiple of 2519?
False
Does 37 divide 85182954?
True
Is 8633705706 a multiple of 12?
False
Does 11 divide 10267775?
False
Does 53 divide 1306984452?
True
Does 15 divide 146611789?
False
Is 498 a factor of 491534272?
False
Is 3520551 a multiple of 1345?
False
Does 114 divide 127313000?
False
Does 254 divide 303333150?
True
Is 39621817 a multiple of 498?
False
Is 876309660 a multiple of 138?
True
Is 30 a factor of 51959040?
True
Is 165 a factor of 36886112?
False
Is 44092550 a multiple of 10?
True
Is 184 a factor of 33718368?
True
Is 74072220 a multiple of 17?
False
Is 181 a factor of 1239486009?
True
Is 5045179438 a multiple of 13?
True
Is 117 a factor of 2353689?
True
Is 393 a factor of 23619061?
False
Is 49 a factor of 1907059371?
True
Is 261 a factor of 46815933?
False
Is 1728412856 a multiple of 21?
False
Is 39546786 a multiple of 690?
False
Is 220195798 a multiple of 313?
False
Is 61 a factor of 245426668?
True
Is 5 a factor of 474219170?
True
Does 821 divide 1412723435?
True
Does 13 divide 13228085?
True
Does 2086 divide 58357885?
False
Does 36 divide 26237718?
False
Is 25492611 a multiple of 17?
False
Is 1178 a factor of 359267074?
False
Is 1147 a factor of 34030459?
False
Does 132 divide 478146372?
True
Does 761 divide 1114734966?
False
Is 17623831 a multiple of 99?
False
Is 2102 a factor of 154801790?
True
Does 1534 divide 437930762?
False
Does 1369 divide 119719334?
False
Does 26 divide 59896772?
True
Is 13 a factor of 143691682?
False
Is 34 a factor of 9493854?
True
Is 571473700 a multiple of 100?
True
Does 860 divide 111471413?
False
Does 10 divide 54284950?
True
Does 59 divide 78313889?
False
Does 162 divide 788734746?
True
Is 189076177 a multiple of 28?
False
Is 9 a factor of 3360500?
False
Does 37 divide 8410797?
False
Is 54059100 a multiple of 1835?
True
Is 81613758 a multiple of 49?
False
Does 29 divide 508940865?
True
Is 1334 a factor of 60744116?
False
Is 15 a factor of 171651720?
True
Is 30 a factor of 189309858?
False
Is 14 a factor of 342753348?
True
Does 2270 divide 23723770?
True
Is 739341955 a multiple of 3?
False
Is 1384539000 a multiple of 100?
True
Is 308423809 a multiple of 816?
False
Does 868 divide 33992616?
True
Does 321 divide 2144099076?
False
Does 390 divide 15710674?
False
Is 331298719 a multiple of 40?
False
Is 70 a factor of 51348990?
True
Does 3915 divide 4077636930?
True
Is 287026212 a multiple of 59?
False
Is 2444 a factor of 188772620?
False
Is 34763330 a multiple of 73?
True
Does 3765 divide 89757600?
True
Does 42 divide 3535335326?
False
Is 11 a factor of 15714382?
False
Is 942 a factor of 10800030?
True
Is 8 a factor of 1078008049?
False
Is 806 a factor of 1758741?
False
Does 7159 divide 689418859?
True
Is 17096912 a multiple of 4?
True
Does 338 divide 749339?
False
Does 889 divide 18936536?
False
Is 13 a factor of 14718692?
False
Does 793 divide 207400427?
True
Is 14567360 a multiple of 2218?
False
Is 81959472 a multiple of 14?
True
Is 102904302 a multiple of 327?
False
Is 268581 a multiple of 104?
False
Is 46724469 a multiple of 19?
False
Does 16 divide 645236019?
False
Is 1419 a factor of 58869445?
False
Is 101 a factor of 291856670?
True
Does 1096 divide 612916499?
False
Is 148 a factor of 9133080?
True
Is 58 a factor of 384063008?
True
Is 1841874514 a